28. Let t = -8 + u. Suppose -2*p + t = -h, p - 27 + 8 = -5*h. What is n(h)?
7
Let z(o) = o**2 - 7*o + 7. Let g be z(6). Let t(c) be the second derivative of 4*c**3/3 - 24*c. Determine t(g).
8
Let k(u) = -9*u + u - 2*u**2 + 7*u + 2*u**3 + 0*u**3. Let p = 6 + -7. Determine k(p).
-3
Let a(v) be the third derivative of -v**5/60 - v**3/6 + 2*v**2. Let d(m) be the first derivative of a(m). Determine d(-4).
8
Let j be 18/4 + (-1)/(-2). Let v(i) = -2*i - 4 - 4 + 11. Determine v(j).
-7
Let s(h) be the first derivative of -1/3*h**3 + 3/2*h**2 - 2*h + 1/4*h**4 + 2. Give s(2).
8
Let d(x) = -6*x**2 - 2 + 5*x - 5*x + x**3. Let l be (-1)/((-45)/(-10)) - 56/(-9). Determine d(l).
-2
Let h(s) = s**2 - s - 2. Let l = -9 + 18. Suppose 0 = -3*t + 2*n - 13, -5*t + 3*n - 11 = l. Let p = -1 - t. Calculate h(p).
-2
Let g(p) = -3*p. Let b(q) = q. Let m(a) = -11*b(a) - 4*g(a). Let w be ((-4)/(-6))/(1/(-3)). Let r = -3 - w. Determine m(r).
-1
Suppose -3 = -2*u - 1. Let o(g) = 6*g**2. Calculate o(u).
6
Let f(r) = 9*r + 19 + r**2 - 4*r - 12. Give f(-5).
7
Let q(a) = 7*a + 10. Let p(z) = 2*z. Let i(r) = 3*p(r) - q(r). What is i(0)?
-10
Let v(g) = 11*g**3 + 4*g**2 + g - 3. Let l(w) = 10*w**3 + 5*w**2 + w - 4. Let f(j) = 3*l(j) - 4*v(j). Determine f(-1).
14
Let g = -29 - -26. Let v(z) = -z**3 - 5*z**2 - 3*z + 3. What is v(g)?
-6
Suppose -4*s = -2*r + 26, 0*r + 3*r - 4 = -s. Suppose 0 = -3*w - 18 - 9. Let x(c) = 8*c + 5. Let d(a) = 2*a + 1. Let u(p) = w*d(p) + 2*x(p). Determine u(r).
-5
Let d(k) = 99 - 3*k - 99 + 7*k. Calculate d(-2).
-8
Let c(x) = -5*x - 4*x**2 + 3*x - 1 - 2*x**2 - x**3 + 5*x**2. Let t = -1 + 0. Determine c(t).
1
Let m(i) = -4*i**3 - 1. Suppose -16 = 4*y - 2*y. Let j = 7 + y. What is m(j)?
3
Let n(c) = -3*c - 1. Let k(a) = 2*a. Let d(q) = 4*k(q) + 3*n(q). Let s be d(-5). Let j(m) = 0*m**2 + 1 + 1 + m - s*m**2. Determine j(2).
-4
Let s(k) = k**2 - 5*k + 4. Let x(g) = g**2 + 10*g - 8. Let t be x(-11). What is s(t)?
-2
Let i(y) = -15*y - y**2 + y**2 + 17*y - 3 + y**3. What is i(2)?
9
Let y(c) = c**2 + 6*c - 5. Suppose 18*q = 13*q - 35. Calculate y(q).
2
Let m(r) = -4*r + 4. Let l(s) = 5*s - 3. Let h(d) = 5*l(d) + 6*m(d). Give h(0).
9
Let o(t) = t**3 + 7*t**2 + t - 7. Let k = -60 + 53. Determine o(k).
-14
Let f(l) = -l**3 - 6 + 57*l - 117*l - 7*l**2 + 54*l. Calculate f(-6).
-6
Let x(g) = g**2 - 2*g - 1. Let p = 0 + -1. Let z be x(p). Let r(q) = 2*q**2 - 4*q + 3. Determine r(z).
3
Let i(z) = -z**3 - z**2 - z - 7. Let x = -125 - -125. Determine i(x).
-7
Let n(q) = -2*q + 13. Suppose 3*k - 27 = -0*k. Give n(k).
-5
Suppose -q - 2 = -3*w - 8, 2*w + 2 = 0. Suppose -q*b + 18 = -0*b. Let c(z) = -z**2 + 4*z + 5. Give c(b).
-7
Let d(l) = 5*l**3 - 12*l**2 - 7*l + 8. Let i(q) = 2*q**3 - 6*q**2 - 3*q + 4. Let j(z) = 3*d(z) - 7*i(z). Give j(-6).
-4
Suppose -2*u = 5 - 15. Suppose u*d = d. Let g(i) = -i**3 + i**2 - 3*i - 6. Let h(o) = -2*o**3 + 2*o**2 - 7*o - 12. Let k(c) = 7*g(c) - 3*h(c). Calculate k(d).
-6
Let q(n) = -n**3 - 6*n**2 + 8. Suppose 0 = -5*s - 4*p - 110, 2*s + 8 = -5*p - 36. Let j = s - -16. Calculate q(j).
8
Let h(m) be the first derivative of -m**2/2 + 12*m + 7. Determine h(6).
6
Let j(x) = 5*x + x**3 - 4 - 5*x + 5*x + 0*x**3 + 5*x**2. Give j(-4).
-8
Let o = 16 - 11. Suppose -2*t = o*i + 11 + 13, 0 = -i - 5*t - 14. Let z(b) = -5*b - 4. What is z(i)?
16
Let j(g) = g**2 + g + 7. Let c = -1 - -3. Suppose 4*p + 4*f - 12 = 0, c*p - 2*f - 5 = -11. What is j(p)?
7
Suppose 0*y = 3*y. Let u be 1*(y + 0)/2. Let f(d) = -d - 6. Calculate f(u).
-6
Suppose -11*y - 6 = -8*y. Let b(x) = 3*x - 1. Give b(y).
-7
Let n be 12/24 + (-6)/4 + 2. Let k(o) = 2*o**2 + 1. Give k(n).
3
Let v be 0 - (-2 - -14)/(-3). Let y = 6 - v. Let c(p) = 0*p + 2*p**2 + p + p**y. Calculate c(-1).
2
Suppose 2*f - 12 = -2*v, 0*f + 3*v + 2 = -f. Let c = -5 + f. Suppose -5*z - 10 = c. Let s(n) = n**2 + 4*n + 2. Determine s(z).
-1
Let u be (9 - 7) + 8/(-1). Let i = u - -12. Suppose 0 = h - 1 + i. Let y(f) = f**2 + 4*f - 4. Determine y(h).
1
Let q(p) be the first derivative of -p**3/2 + p**2 + 2*p + 2. Let h(o) be the first derivative of q(o). Give h(-2).
8
Let q(o) be the first derivative of 3*o**2 + o - 3. Let t = -14 + 13. Determine q(t).
-5
Let w(i) = i**3 - 6*i**2 - 4*i + 8. Let f(r) = -3*r - 6. Let g be f(-4). Give w(g).
-16
Let m(l) = -2*l**2 - l + 1. Let w(u) be the second derivative of 0 - 3/2*u**2 + 1/2*u**3 + 1/12*u**4 + 2*u. Let a be w(-4). Determine m(a).
-2
Let z(c) = c - 4. Let b = 71 - 66. Calculate z(b).
1
Let g(a) = -13*a + 5. Let q be g(1). Let z(w) = w**3 + 8*w**2 - 3. Give z(q).
-3
Let m(w) = 0*w + 2*w + 4 - 6 - 3*w. Give m(-4).
2
Let b(q) be the first derivative of -q**4/4 - 7*q**3/3 - 6*q - 5. Suppose s + 2 + 5 = 0. Give b(s).
-6
Let b(l) be the third derivative of -l**5/60 - l**4/8 + l**3/2 - 36*l**2. What is b(-5)?
-7
Let r(k) = 7*k**2 - 11*k - 2. Let t(h) = -3*h**2 + 5*h + 1. Let w(i) = -2*r(i) - 5*t(i). Let d(x) = -2*x. Let b(c) = 3*d(c) - 2*w(c). Calculate b(-2).
-6
Let v = -3 + 3. Let l(i) = 71*i - 71*i + i**2 + 6 + 0. What is l(v)?
6
Suppose -5*h - 37 = -3*c, 0*c - 10 = -5*c - 2*h. Let o(t) = t**3 - 3*t**2 - 3*t + 3. What is o(c)?
7
Let n(h) = 3*h + 2. Let r = 23 - 14. Suppose 3*i + r = -2*o + 22, i = -5*o + 13. Give n(o).
8
Let v(m) = m - 3. Let h be v(7). Suppose 17 = -h*l + 3*t, l - 4*t - 4 = -18. Let j(r) = -r**3 + 3*r + 3. Calculate j(l).
5
Suppose -n - 123 = -5*u, -u - 5*n - 90 = -5*u. Let p = u - 19. Let d(t) = -t**2 + 6*t + 3. Give d(p).
3
Let d = 23 - 23. Let f(h) = -h - 8. Let y(w) = 2*w + 9. Let z(c) = -3*f(c) - 2*y(c). Give z(d).
6
Let f = 11 - 6. Let k(h) = -4 - 2*h + 2*h**3 + 3 + 8 - h**3 - 5*h**2. Give k(f).
-3
Suppose 5*b = 7 + 18. Suppose 3*q + 18 = 3*p - 2*q, p - b*q = 16. Let t = 4 - p. Let h(c) = -c**2 + 2*c - 3. Determine h(t).
-6
Let c(l) be the first derivative of l - 1. Let w(x) = 2*x + 8. Let t(z) = -3*c(z) + w(z). Determine t(-4).
-3
Suppose -4*i + 3*i = -3. Let c(b) = b + 22 - b - 21 + 2*b. Give c(i).
7
Let x = -29 - -49. Suppose -4*q - 24 = 2*d, x = -3*d - 4*q + 2*q. Let b(s) = -s**2 - 3*s + 2. Give b(d).
-2
Let i(t) = t. Suppose 2*d - 3*d + 6 = 0. Let p = d - 7. Determine i(p).
-1
Suppose -13*g = -11*g. Let y(x) = x - 2*x**2 + 4*x**2 - x**3 - x**2 + 10. Give y(g).
10
Let d be 57/11 + (-10)/55. Suppose -4 - 6 = d*c + 5*i, 2*c = -i - 6. Let w(m) = -5 - 2*m - m + 2*m. Give w(c).
-1
Let m(a) = -a**2 + 3*a - 3. Suppose 0*f + 6 = -k - 2*f, 2*k + 16 = -5*f. Let h be (-8)/(-10)*(4 + 1). Suppose -z - 3 = o, -h*z + k*z - o = 1. What is m(z)?
-1
Let k(z) = z - 1. Let a be k(5). Let t(c) be the second derivative of -1/12*c**a + 5/2*c**2 - c + 0 + 2/3*c**3. Give t(4).
5
Let g(w) = -6*w**2 + 7*w. Let c(u) = -1 + 1 - u - u**2 - 15*u**3 + 16*u**3. Let l(f) = c(f) + g(f). Give l(6).
0
Let h(w) = w - 3. Let r be (5/2)/(7/14). Let q be r*(-2 - -3)/1. Determine h(q).
2
Let b(n) = -n**2 + 9*n - 9. Suppose 6*o - 46 = -10. What is b(o)?
9
Let p(l) = -3*l. Let f(s) = s**3 + 9*s**2 + 6*s - 17. Let q be f(-8). Give p(q).
3
Let c(t) be the second derivative of -t**5/20 + t**4/12 - t. Let m be -1 - 0 - (-2 - -1). Let f = 0 + m. What is c(f)?
0
Let s(d) be the second derivative of 0 + 3*d - 5/12*d**4 + 0*d**2 + 1/6*d**3 - 1/20*d**5. Suppose 2*j + 3 = -7. Give s(j).
-5
Suppose 0 = -4*h - 0*h + 4. Let a(k) be the first derivative of k**3 - k + 6 - 3 - h. Determine a(-1).
2
Let j(u) = 5*u**2. Let z be j(1). Let c = 9 - 5. Let g(a) = -9*a + 4 + a**3 - a - c*a**2 + 3*a. Give g(z).
-6
Let r(h) be the second derivative of -5*h**4/6 + h**3/6 + h**2/2 + 3*h. What is r(-1)?
-10
Let t(m) = -m**3 + 5*m**2 - 6*m + 6. Let u be (1 - 0) + (-2 - -1). Suppose 2*k - 3*k + 4 = u. What is t(k)?
-2
Let q(d) = 13*d**2 + 9*d - 13. Let g(p) = -7*p**2 - 5*p + 7. Let a(u) = 11*g(u) + 6*q(u). Suppose 0 = -2*f - 2, -2*f - 8 = -5*x - 4*f. What is a(x)?
1
Let y(h) be the second derivative of h**6/15 + h**4/24 - h**3/6 + 3*h**2 + 8*h. Let q(k) be the first derivative of y(k). What is q(1)?
8
Let p(c) = 2*c - 3. Let a(x) = -6*x. Let d be a(1). Let o = d - -18. Suppose m = -0*m - 3*u + o, -2*u + 6 = 0. Calculate p(m).
3
Let d(v) = 24*v**3 - 4. Let k(w) = 16*w**3 - 3. Let a(y) = 5*d(y) - 7*k(y). Let l = -115 - -116. Determine a(l).
9
Let x(b) = -b + 2. Let p(k) = k - 1. Let j(t) = 4*p(t) + 5*x(t). What is j(0)?